m**4 - m**2 + 5*m + 3. What is the remainder when u(-8) is divided by 93?
92
Let i(x) = x**3 + x**2 - 3*x + 4. Let m be i(-3). Let r(s) = 3*s + 31. Let t(p) = p**2 + 46. What is the remainder when t(0) is divided by r(m)?
14
Suppose k = -2*m + 567, -6*k - 570 = -2*m - 8*k. Calculate the remainder when m is divided by 49.
37
Suppose 0 = 12*r + 25 + 11. Let x(p) = -5*p - 12. Let f be x(r). Suppose 128 = s - 2*q, -f*s + 7*s = 4*q + 500. What is the remainder when s is divided by 31?
29
Let d(h) = 5*h + 11. Let n(s) = -9*s - 22. Let j(o) = -9*d(o) - 4*n(o). Calculate the remainder when 62 is divided by j(-3).
14
Suppose -a = 4*i - 2044, 3*i = 2*i - 2*a + 504. Suppose 5*y - i - 584 = 3*j, 0 = -y + j + 218. What is the remainder when y is divided by 8?
5
Let z(v) = -2*v**2 + 44*v + 9. Let j(n) = -2*n**2 + 43*n + 8. Let y(k) = 6*j(k) - 5*z(k). Calculate the remainder when y(16) is divided by 25.
24
Let n(c) = -c**2 - 64*c - 509. What is the remainder when n(-50) is divided by 10?
1
Suppose -52*r + 223 = -458 + 5. Calculate the remainder when 427 is divided by r.
11
Let b(d) = -202*d + 1768. What is the remainder when b(8) is divided by 36?
8
Let r = -234 + -10. Let b = 251 + r. What is the remainder when 66 is divided by b?
3
Suppose 175 = 4*v + a, 3*v - 71 = 5*a + 66. Suppose 0 = -65*w + 106890 - 29735. Calculate the remainder when w is divided by v.
43
Suppose 0 = 3*w + 34*f - 30*f - 725, -3*f + 1179 = 5*w. What is the remainder when w is divided by 12?
3
Calculate the remainder when 12/22 + (-3010350)/(-2013) is divided by 15.
11
Let q = -139 - -171. Calculate the remainder when q is divided by (23 - -3)/(4 - 2).
6
Suppose 11567 + 11053 = 15*s. What is the remainder when s is divided by 28?
24
Let k(g) = -g**2 + 14*g - 14. Let s be k(12). What is the remainder when (-146)/(-4) - s/20 is divided by 3?
0
Let c = -335 + 166. Suppose 0 = -r - 3*x + 8*x - 58, 2*r + x + 94 = 0. Let i = r - c. What is the remainder when i is divided by 41?
39
Let y(t) = 37*t**3 - 4*t**2 - 9*t + 13. Calculate the remainder when y(1) is divided by (-25)/(-3) + 12/18.
1
Let p be (2/4)/((-1)/24). Let s be ((-42)/(-35))/(35/25 + -1). Calculate the remainder when ((-93)/p - s)*4 is divided by 10.
9
Let f(y) = -2*y**3 + y**3 - 16*y - 4*y + 5*y**2 - 2*y + 30 + 18*y**2. Suppose 0 = -3*b + 9 + 57. Calculate the remainder when f(b) is divided by 18.
12
Suppose 4 + 0 = m. Suppose 0 = -2*x + 8 - m. Suppose 3*l - 14 = -0*l - 2*q, x*l + 4*q - 20 = 0. What is the remainder when 5 is divided by l?
1
Suppose 29 = 2*s - 3*j, 61*j + 56 = 4*s + 57*j. Suppose 1 = 2*w + f + 30, -w - 2*f - 10 = 0. Let h = w - -38. Calculate the remainder when h is divided by s.
9
Calculate the remainder when (12/(-20))/(13/((-77675)/5)) is divided by 45.
42
Let j be 5 - (44 + (-2)/(-5 - -3)). Calculate the remainder when 2*(8/j)/((-4)/1070) is divided by 16.
11
Suppose 8*u - 3*u = -3*m + 6065, -4*m = -4*u + 4884. What is the remainder when u is divided by 205?
191
Suppose -232 = 5*q + 143. Let v = 88 + q. Suppose 5*p - 5 = -g, g - 2*p = -0*p + 33. Calculate the remainder when g is divided by v.
12
Calculate the remainder when 58/(-4)*2*-5 is divided by (-11 - -6)/5 - (-1 - 38).
31
Suppose 4*g - 5*z - 1470 = 0, 0*g + 3*z + 1844 = 5*g. Let u(c) = 2*c**2 + 46*c - 874. What is the remainder when g is divided by u(13)?
60
Let z(s) = 567*s + 3162. What is the remainder when z(-5) is divided by 135?
57
Suppose -5*d = -v - 0*v + 136, -5*v = 3*d + 104. Let a(i) = i**3 + 29*i**2 + 29*i + 40. What is the remainder when 41 is divided by a(d)?
5
Let h be (-11)/(-2) + 3/(-2). Suppose 130*j - 71*j + 98*j - 7536 = 0. Calculate the remainder when j is divided by h/8 - 9/(-2).
3
Let d be (-26)/(-6) - 2/6. Suppose 21 = 7*l - 7. Suppose 2*t - 27 - 11 = l*n, 4*n + 80 = d*t. Calculate the remainder when 41 is divided by t.
20
Suppose -7729 + 20135 = 49*k - 22923. What is the remainder when 2165 is divided by k?
2
Suppose -148*c + 108391 + 79865 = 0. Calculate the remainder when c is divided by 44.
40
Let p = 2806 - 2636. What is the remainder when 1196 is divided by p?
6
Calculate the remainder when (-282)/8*(-1840)/276 is divided by 123.
112
Let n(x) = -95*x**2 + 2*x - 1. Let l be n(1). Let i = -33 + l. Let q = 139 + i. Calculate the remainder when 239 is divided by q.
11
Let g be (-142)/(-4) + (-2 - 10/(-4)). Let j = -10 - -28. Calculate the remainder when (g/(-30))/(-3) + (-686)/(-10) is divided by j.
15
Let w(t) = t - 10. Let n(s) = s. Let z(i) = 6*n(i) + w(i). Let u be z(2). Suppose 0 = d - u. What is the remainder when 12 is divided by d?
0
Suppose 0 = -19*s - 28*s + 8695. Let m be 2 + (-1 - 0) - -3. Suppose -d - 23 = b - 65, 0 = -m*b - 2*d + 178. What is the remainder when s is divided by b?
44
Suppose -98 + 38 = -6*g. Let m = -16 + g. Let h = m - -38. Calculate the remainder when h is divided by 17.
15
Suppose -95*f = -52906 - 100329. What is the remainder when f is divided by 22?
7
Suppose -v - 3*s = -2, -54*v + 2*s - 13 = -57*v. What is the remainder when 770/(-150) + v + 3664/30 is divided by 42?
38
Suppose -n + 8 - 6 = 0. Suppose n*o - 296 = -2*i, 287 = 3*i + 2*o - 158. What is the remainder when i is divided by 25?
24
Let d be (20/2)/(31/(-6) - -5). Let g = d + 76. Suppose g = -4*a + 64. Calculate the remainder when 69 is divided by a.
9
Suppose -2*f = -14 - 4. Suppose -9*q = -5*x - 7*q + 1928, -3*x - 5*q = -1163. Suppose -x = -14*s + 202. What is the remainder when s is divided by f?
6
Let q(k) = 267*k**3 - 2*k**2 - 135*k**3 + k - 131*k**3 + 779. Calculate the remainder when q(0) is divided by 23.
20
Suppose 15*p = 21*p - 168. Let n(y) = -8*y - 20. Let h be n(-6). Let r = h - 13. Calculate the remainder when p is divided by r.
13
Let x(w) = 38*w + 368. What is the remainder when 12993 is divided by x(-5)?
177
Let k be 40 + 0*(-2)/(-4). Suppose 5*y = 4*d - 59 + 1, -3*d + 2*y = -k. Calculate the remainder when (-33 - 1380/(-45))*-51 is divided by d.
11
Let y(i) = -14*i + 169. Suppose 4*m = -5*s + 581, 0*s = -5*s - 5*m + 585. What is the remainder when s is divided by y(10)?
26
Suppose 0*m + 65 = 5*m. Suppose 2*z + 4*o - 23 = o, -5*z + 5 = -3*o. Calculate the remainder when m is divided by z.
1
Let n = 1514 + -735. Let i = n - 692. What is the remainder when i is divided by 73?
14
Let x = 7594 - 4288. What is the remainder when x is divided by 3?
0
Let t = -16 - -45. What is the remainder when 11 + (-1 - (-576)/6) is divided by t?
19
Suppose -5*t - 142 = -32. Let a = 18 + 1. What is the remainder when a is divided by -1 + (-5)/10*t?
9
Suppose 0 = 3*a - 54*k + 52*k - 375, 117 = a - 2*k. What is the remainder when 175 is divided by a?
46
Let f be 2*3*(-2)/(-12)*1407. Suppose 34*l + f = 41*l. What is the remainder when l is divided by 51?
48
Let k be (5 + (-33)/6)*74. Let u = k + 76. Calculate the remainder when u is divided by 9.
3
Let l(m) = -2*m**2 - 109*m - 123. Suppose -3*x + 24 = -6. Calculate the remainder when l(-53) is divided by x.
6
Calculate the remainder when 7514 is divided by 4 + 0 + ((-21)/21)/((-3)/15).
8
Let b = -108 + 134. Suppose -4*v - 905 = -2*u - 35, 2*v - 1321 = -3*u. Calculate the remainder when u is divided by b.
23
Let s(h) = -2*h**3 + 16*h**2 + 16*h + 21. Let m be s(9). What is the remainder when -14 - -20 - -37*m is divided by (-1 + 21)*3/4?
12
Let n(h) = h + 3. Let d(t) = -36*t**2 + 3*t. Let v(f) = -d(f) + n(f). What is the remainder when 144 is divided by v(1)?
33
Let w = 216073 - 216031. Let n = 239 - 77. What is the remainder when n is divided by w?
36
Suppose -o + 4*i = -3*o + 30, -10 = -5*o + 3*i. Suppose 255 = 4*b + o*l, -3*b + 200 = -8*l + 3*l. What is the remainder when b is divided by 1*(-2)/2 - -15?
9
Calculate the remainder when 2811/(-3)*-1 + (-48)/48 is divided by 463.
10
Let m(f) = 35*f**2 + 3*f + 3. Suppose 19*o = 22*o + 6, 0 = -2*l + 3*o + 4. What is the remainder when m(l) is divided by 12?
11
Suppose -3*j - 23 = 2*j - 2*s, -2*j - 2*s = -2. Calculate the remainder when 53 is divided by 16 - -2 - 5 - 0/j.
1
Let f(h) be the third derivative of 11*h**4/12 - 149*h**3/6 - 125*h**2. What is the remainder when 18 is divided by f(7)?
3
Calculate the remainder when 2/3 + 105608/258 is divided by 132.
14
Let i be 1*((-4)/4 + -50). Let a = i - -133. Let f = -455 - -483. What is the re